 + 1/(c/(-12))*-41?
5
Let j be (6/9)/((-4)/(-6)). Suppose -j - 3 = 2*s. What is the units digit of -3 - (s/(-1) + -89)?
4
Suppose 5*i - 1091 = i - 5*b, 0 = i - b - 275. Suppose -2*z - i = -4*q, -4*z = -2*q - 2*z + 132. Let a = -17 + q. What is the tens digit of a?
5
Let z = 152519 - 107274. What is the hundreds digit of z?
2
Suppose -39*j + 1184755 = 240565. What is the ten thousands digit of j?
2
What is the units digit of (2/(-18))/(10/12) + 4938622/390?
3
Let q(p) = -4*p**2 - 3*p - 33. Let m be q(5). What is the hundreds digit of (382/4)/((-37)/m)?
3
Suppose 4*w = 9*w + x - 4137, 3*w = -4*x + 2472. Suppose -56*y = -59*y + w. What is the tens digit of y?
7
Suppose 0 = 5*f - 5*g - 49265, -f + 280*g - 276*g + 9853 = 0. What is the tens digit of f?
5
Suppose -n + 135 + 39 = 0. Let i be 1/3 - (n/(-9))/2. What is the hundreds digit of (104/i)/(2/20)?
1
Let m = 3634 - 302. What is the thousands digit of m?
3
Suppose 47*j = 68*j - 192360. What is the tens digit of j?
6
Let y(l) = 168*l**2 - 272*l + 2655. What is the tens digit of y(10)?
3
Suppose 123*o = 141*o - 91350. What is the tens digit of o?
7
Let p(i) = 4*i**2 - 6*i + 31. Let g be p(6). Let r = -103 + g. What is the units digit of r?
6
Let u(y) be the third derivative of y**6/40 + y**4/24 - y**3/6 + 66*y**2. What is the units digit of u(1)?
3
Suppose 8*f = 14*f - 8802. Let x = f - 473. What is the units digit of x?
4
Let k(w) = 13*w**2 + 34*w + 850. What is the thousands digit of k(-17)?
4
What is the ten thousands digit of (15/(-10) + 2)*(37420 + 94)?
1
Suppose 9*n = 210 + 141. Suppose 0 = n*o - 46*o + 3178. What is the tens digit of o?
5
Let a = -5 - -37. Suppose 18*j - 3*x = 23*j - 1696, -1350 = -4*j + x. Suppose -a*z - j = -34*z. What is the tens digit of z?
6
Let q(d) = -52*d + 2098. What is the units digit of q(32)?
4
Suppose -5*f - v + 36155 = 0, -2*v + 14882 = 3*f - 6811. What is the hundreds digit of f?
2
Let m(y) = 4*y**2 - 126*y - 1394. What is the tens digit of m(-93)?
2
Suppose -8*f + 5*f - 12 = -3*d, -4*f + 8 = 2*d. What is the units digit of (-35)/56*-4*(f + 22)?
5
Let c = 7727 + 18428. What is the units digit of c?
5
Let p(b) = -b**3 - 2*b**2 + b + 3. Let j be p(0). Suppose -j*g = -20*g + 3638. What is the units digit of g?
4
Let s be (11/2)/(-1) - 24/48. What is the units digit of (-15)/((-9)/3) + 562 + s?
1
Let b(l) = -425*l + 3230. What is the thousands digit of b(-11)?
7
Suppose -293 = -2*r + 2241. What is the hundreds digit of r?
2
Suppose -15 = 5*q - 0. Let r(h) = -4*h**3 - 15*h**2 + h - 2. Let i(w) = 3*w**3 + 13*w**2 + 2. Let j(t) = 5*i(t) + 4*r(t). What is the units digit of j(q)?
2
Let j be (-2)/(-8)*3529 - (-25)/(-100). Suppose 0 = -3*o - 5*p + j, -9*p + 8*p = 0. What is the units digit of o?
4
Let y(w) = -w**3 - 5*w**2 - 4*w - 2. Let i(f) = -f**3 - 9*f**2 + 2. Let t be i(-9). Let x be (-38)/(-19)*(-5)/t. What is the tens digit of y(x)?
1
Suppose 4*v - 44902 = -811*h + 809*h, 22457 = 2*v + 3*h. What is the thousands digit of v?
1
Let v = -314 + 874. Let t = -343 + v. What is the units digit of t?
7
Suppose 0 = -o + 3*u + 11039, 31*u - 11047 = -o + 32*u. What is the ten thousands digit of o?
1
Let y be 47/94 + (-14)/4 + 0. What is the hundreds digit of 9/y + (-4 + 446 - 5)?
4
Let s(g) = 56*g**2 - 3*g**2 - 43*g + 78*g - 41*g - 4 + 28*g**2. What is the hundreds digit of s(2)?
3
Suppose 5*j + 1020 = -5*d + 4675, 747 = j - 3*d. Suppose -4*l + j = q, -l + 738 = 3*l - 2*q. What is the hundreds digit of l?
1
Suppose 0 = -2*k - i + 13939, 4*k - 33190 + 5291 = 5*i. What is the hundreds digit of k?
9
Let v(l) = 2*l - 7. Let d be v(2). Let o be (-225)/(-33) - (d - 31/(-11)). Suppose -5*i - 183 = 4*c - o*c, -2*i = 3*c - 162. What is the tens digit of c?
5
Let i(f) = 5*f**2 - 295*f + 72. What is the hundreds digit of i(-18)?
0
Let o = -266 + 262. What is the units digit of 152 + (o - (4 + -4))?
8
Let i be 1/(-6) + (-19)/(-6). Let m = -89 + 92. Suppose -h + j + m = -3, -4*h = -i*j - 26. What is the units digit of h?
8
Let n = -13686 + 21876. What is the units digit of n?
0
Let m = 10215 + -2615. What is the tens digit of m?
0
Let v be -1 + 904/(-10) - (-105)/(-175). Let y = -112 + -64. Let q = v - y. What is the units digit of q?
4
Suppose -236496 = 54*s - 1162542. What is the thousands digit of s?
7
Suppose 4*b - 27 + 35 = 0. What is the units digit of (-9 + 0)*(-17 - b)?
5
Suppose -25*p + 63 + 62 = 0. What is the units digit of 47 + (-4 + 3)*p?
2
Let m(q) = -2*q**2 - 21*q - 37. Let t be m(-8). Suppose -3*b = -t, -4*b - 123 = -2*p + p. What is the units digit of p?
7
Let u(m) = -m - 3*m + 42*m**2 + 2*m. Let t be u(-1). What is the units digit of t/3*(2 - -1)?
4
Let m(n) = -1255*n + 39. Let f be m(-7). Suppose 0 = 22*q - f - 262. What is the units digit of q?
3
Let f = 30 + -29. Let p(n) = 2*n**2 - 3*n + 4. Let w be p(f). Suppose -164 = -5*m - w*o, -4*o + 94 = 3*m - 0*m. What is the tens digit of m?
3
Let q = -166 - -286. Let x be ((-30)/40)/((-9)/q). Suppose x = 2*w - 4*w, 0 = -4*g + 4*w + 88. What is the units digit of g?
7
Let n be (120/(-16) + 7)*706. Let i = 577 - n. What is the tens digit of i?
3
What is the tens digit of (1/5)/((-174447)/17445 - -10)?
6
Let a(h) = -h**3 + 12*h**2 - 5*h. Let l be a(4). Let p = 577 - l. What is the hundreds digit of p?
4
Let p = -73 - -75. Suppose -14*a + 9392 = p*a. What is the units digit of a?
7
Suppose -3*l + 25 = 2*l + 2*b, b = -5*l + 20. Suppose l*x - 68 = -2*x + 3*m, -25 = -2*x - m. What is the tens digit of x?
1
Suppose 12723*v - 12728*v + 33335 = 0. What is the hundreds digit of v?
6
Suppose 5*a = i - 66 - 11, -4*i + 5*a + 248 = 0. Suppose -51*u + 54*u = -165. Let j = i - u. What is the tens digit of j?
1
Let j = 46 + -24. Let f be (15 + -14)*2*j. Let a = f + 5. What is the tens digit of a?
4
Let g(n) = n**2 + 7*n. Let j be g(4). Let r = -41 + j. Suppose -2*z - 2*o = -o - 58, r*o + 36 = z. What is the units digit of z?
0
Let k be 251820/1140 + (-2)/(-19). Let z = k + 733. What is the hundreds digit of z?
9
Suppose -8 = -5*p - 2*v + 12, 5*p + 4*v = 20. Suppose 2345 = 3*a - 2*i + p*i, 5*i - 3910 = -5*a. What is the units digit of a?
1
Suppose -12860 = 8*u - 18*u. Suppose y - u = -5*f, 22*f - 2*y - 1298 = 17*f. What is the hundreds digit of f?
2
What is the tens digit of (-15)/(-825)*1056583 - (-5)/((-75)/(-6))?
1
Suppose 11*z - 10*z = 5. Suppose q + m + 598 = 4*q, m = z*q - 1000. Let r = q + -122. What is the units digit of r?
9
Let x(r) = -r**3 - 25*r**2 - 25*r + 24. Let l be x(-24). Suppose 3*f + l = -9*f. What is the tens digit of 1181/9 + f/18?
3
What is the units digit of 5863590/153 - ((-1200)/(-85) - 14)?
4
Suppose 18*j = 20*j - 2. Let x be 2 + (((-12)/3)/4 - j). Suppose -220 = -5*y - x*y. What is the units digit of y?
4
Suppose 10*s = 12*s + 2*u - 90410, -3*u - 45217 = -s. What is the ten thousands digit of s?
4
Let a(g) be the first derivative of g**2 + 4*g - 2. Let v be a(0). What is the units digit of -3 - -5 - (2 - v - 53)?
7
Suppose 8012 = 3*v - 5*g, -2*v - 2*g + 5*g + 5342 = 0. Let c = -1878 + v. What is the hundreds digit of c?
7
Let s(w) = 22*w**2 + 3*w - 3. Let o be 3 - (-1 - -1 - (-17 + 19)). What is the tens digit of s(o)?
6
Let u(o) = 433*o + 3095. What is the tens digit of u(15)?
9
Suppose 0 = 5*j, -g = 2*j - 2725 - 391. Suppose -14*s + g = -6208. What is the hundreds digit of s?
6
Let q = 361 + -207. Let z = 869 - q. What is the hundreds digit of z?
7
Let p(a) = 57 - 23*a**2 - 6*a**3 + 4*a**3 + 70*a - 17 + 3*a**2 + 3*a**3. What is the tens digit of p(17)?
6
Let x(l) = l**3 + 5*l**2 + 5*l + 3. Let y(w) = w**3 + 3*w**2 + 2*w + 3. Let u be y(-3). Let n be x(u). What is the tens digit of 26/(n/20*(-20)/(-15))?
6
Let u = 4366 + -2534. Suppose 2*y + 2192 - 342 = 4*d, -4*d = 4*y - u. Let b = d + -257. What is the tens digit of b?
0
Suppose l - 84728 = -2*q, 2*q - 101178 = -3*l - 16454. What is the hundreds digit of q?
3
Suppose -19 = -2*d - 2*m + 11, -d + 5*m - 3 = 0. Suppose n = 5*n + d, -21 = -l + n. What is the tens digit of l?
1
Let v(k) = 3*k**2 - 30*k - 18 + 3*k**2 + 14*k - 7*k**2. Let n be v(-14). Suppose 2*d + 312 = n*d. What is the units digit of d?
9
Let s(g) = 3*g**2 - 17*g - 15. Let c be s(6). What is the hundreds digit of (-34437)/(-13)*(-3)/c?
8
Let p = 51305 + -28856. What is the tens digit of p?
4
Su